{"id":258,"date":"2023-05-28T09:36:52","date_gmt":"2023-05-28T09:36:52","guid":{"rendered":"https:\/\/devsgang.com\/premio\/?page_id=258"},"modified":"2024-03-13T19:30:35","modified_gmt":"2024-03-13T19:30:35","slug":"home","status":"publish","type":"page","link":"https:\/\/gruporikva.com\/","title":{"rendered":"Home"},"content":{"rendered":"<style>\/*! elementor - v3.17.0 - 08-11-2023 *\/\n.elementor-heading-title{padding:0;margin:0;line-height:1}.elementor-widget-heading .elementor-heading-title[class*=elementor-size-]>a{color:inherit;font-size:inherit;line-height:inherit}.elementor-widget-heading .elementor-heading-title.elementor-size-small{font-size:15px}.elementor-widget-heading .elementor-heading-title.elementor-size-medium{font-size:19px}.elementor-widget-heading .elementor-heading-title.elementor-size-large{font-size:29px}.elementor-widget-heading .elementor-heading-title.elementor-size-xl{font-size:39px}.elementor-widget-heading .elementor-heading-title.elementor-size-xxl{font-size:59px}<\/style>\n<h6>.fgdfg<\/h6>\n<h1>h<\/h1>\n<p>Desde materiales de construcci\u00f3n hasta herramientas especializadas, ofrecemos una amplia gama de insumos industriales para satisfacer todas tus necesidades. Calidad garantizada para un rendimiento excepcional.<\/p>\n<p>\t\t\t<a href=\"https:\/\/wa.me\/526143779002?text=\"><br \/>\n\t\t\t\t\t\tSolicita cotizaci\u00f3n<br \/>\n\t\t\t\t\t<\/a><\/p>\n<h6>Contamos con una extensa red de proveedores confiables en todo el mundo.<\/h6>\n<h2>Somos especialistas<\/h2>\n<p>Optimiza tu cadena de suministro con nosotros, tus especialistas en encontrar los insumos industriales perfectos para tu operaci\u00f3n!.<\/p>\n<p>Entendemos que cada detalle cuenta cuando se trata de mantener tu producci\u00f3n en marcha.<\/p>\n<p>\t\t\t<a href=\"https:\/\/wa.me\/526143779002?text=\"><br \/>\n\t\t\t\t\t\tWhatsApp<br \/>\n\t\t\t\t\t<\/a>\n\t\t\t<link rel=\"stylesheet\" href=\"https:\/\/rikva.webxaa.com\/wp-content\/plugins\/elementor\/assets\/css\/widget-icon-box.min.css\">\n\t\t\t\t<a href=\"\/?page_id=814\" tabindex=\"-1\"><br \/>\n\t\t\t\t\t\t\t\t<\/a><\/p>\n<h4>\n\t\t\t\t\t<a href=\"\/?page_id=814\" ><br \/>\n\t\t\t\t\t\tEquipo de protecci\u00f3n y uniformes\t\t\t\t\t<\/a><br \/>\n\t\t\t\t<\/h4>\n<p>\n\t\t\t\t\t\tCalidad insuperable para tu seguridad y comodidad. \u00a1Haz tu pedido hoy!\t\t\t\t\t<\/p>\n<p>\t\t\t\t<a href=\"\/?page_id=894\" tabindex=\"-1\"><br \/>\n\t\t\t\t\t\t\t\t<\/a><\/p>\n<h4>\n\t\t\t\t\t<a href=\"\/?page_id=894\" ><br \/>\n\t\t\t\t\t\tC\u00e1maras de seguridad, redes y computadoras\t\t\t\t\t<\/a><br \/>\n\t\t\t\t<\/h4>\n<p>\n\t\t\t\t\t\tPotencia tu seguridad y eficiencia. Descubre la tecnolog\u00eda de vanguardia hoy.\t\t\t\t\t<\/p>\n<p>\t\t\t\t<a href=\"\/?page_id=902\" tabindex=\"-1\"><br \/>\n\t\t\t\t\t\t\t\t<\/a><\/p>\n<h4>\n\t\t\t\t\t<a href=\"\/?page_id=902\" ><br \/>\n\t\t\t\t\t\tFerreter\u00eda\t\t\t\t\t<\/a><br \/>\n\t\t\t\t<\/h4>\n<p>\n\t\t\t\t\t\t Herramientas robustas para tus proyectos m\u00e1s exigentes.\t\t\t\t\t<\/p>\n<p>\t\t\t\t<a href=\"\/?page_id=915\" tabindex=\"-1\"><br \/>\n\t\t\t\t\t\t\t\t<\/a><\/p>\n<h4>\n\t\t\t\t\t<a href=\"\/?page_id=915\" ><br \/>\n\t\t\t\t\t\tArt\u00edculos para toda ocasi\u00f3n\t\t\t\t\t<\/a><br \/>\n\t\t\t\t<\/h4>\n<p>\n\t\t\t\t\t\tEncuentra la soluci\u00f3n perfecta para cada momento. \t\t\t\t\t<\/p>\n<p>\t\t\t\t<a href=\"\/?page_id=915\" tabindex=\"-1\"><br \/>\n\t\t\t\t\t\t\t\t<\/a><\/p>\n<h4>\n\t\t\t\t\t<a href=\"\/?page_id=915\" ><br \/>\n\t\t\t\t\t\tArt\u00edculos desinfectantes y de limpieza\t\t\t\t\t<\/a><br \/>\n\t\t\t\t<\/h4>\n<p>\n\t\t\t\t\t\tMant\u00e9n ambientes seguros con nuestra gama de productos de calidad superior.\t\t\t\t\t<\/p>\n<h4>\n\t\t\t\t\t\tCursos Capacitaci\u00f3n y certificaciones.<br \/>\n\t\t\t\t<\/h4>\n<p>\n\t\t\t\t\t\tExpertos en la industria te guiar\u00e1n hacia la eficiencia y calidad, asegurando un equipo altamente competente.\t\t\t\t\t<\/p>\n<p>\t\t\t\t<a href=\"\/?page_id=943\" tabindex=\"-1\"><br \/>\n\t\t\t\t\t\t\t\t<\/a><\/p>\n<h4>\n\t\t\t\t\t<a href=\"\/?page_id=943\" ><br \/>\n\t\t\t\t\t\tConstrucci\u00f3n y remodelaci\u00f3n\t\t\t\t\t<\/a><br \/>\n\t\t\t\t<\/h4>\n<p>\n\t\t\t\t\t\tConstruimos y renovamos espacios con eficiencia y calidad. \t\t\t\t\t<\/p>\n<p>\t\t\t\t<a href=\"\/?page_id=956\" tabindex=\"-1\"><br \/>\n\t\t\t\t\t\t\t\t<\/a><\/p>\n<h4>\n\t\t\t\t\t<a href=\"\/?page_id=956\" ><br \/>\n\t\t\t\t\t\tRecubrimientos industriales\t\t\t\t\t<\/a><br \/>\n\t\t\t\t<\/h4>\n<p>\n\t\t\t\t\t\tProtege y mejora tus superficies con soluciones duraderas y de alta calidad.\t\t\t\t\t<\/p>\n<p>\t\t\t\t<a href=\"\/?page_id=964\" tabindex=\"-1\"><br \/>\n\t\t\t\t\t\t\t\t<\/a><\/p>\n<h4>\n\t\t\t\t\t<a href=\"\/?page_id=964\" ><br \/>\n\t\t\t\t\t\tImagen corporativa, Marketing Digital y Publicidad\t\t\t\t\t<\/a><br \/>\n\t\t\t\t<\/h4>\n<p>\n\t\t\t\t\t\tImpulsa tu presencia online con estrategias efectivas.\t\t\t\t\t<\/p>\n<p>\t\t\t\t<a href=\"\/?page_id=971\" tabindex=\"-1\"><br \/>\n\t\t\t\t\t\t\t\t<\/a><\/p>\n<h4>\n\t\t\t\t\t<a href=\"\/?page_id=971\" ><br \/>\n\t\t\t\t\t\tComunicaci\u00f3n, Internet y radios\t\t\t\t\t<\/a><br \/>\n\t\t\t\t<\/h4>\n<p>\n\t\t\t\t\t\tConectividad total para maquiladoras: internet veloz, comunicaci\u00f3n efectiva y radios personalizados. Optimiza tu operaci\u00f3n con nuestra soluci\u00f3n integral..\t\t\t\t\t<\/p>\n<h2>Marcas que nos respaldan<\/h2>\n<style>\/*! elementor - v3.17.0 - 08-11-2023 *\/\n.elementor-widget-image{text-align:center}.elementor-widget-image a{display:inline-block}.elementor-widget-image a img[src$=\".svg\"]{width:48px}.elementor-widget-image img{vertical-align:middle;display:inline-block}<\/style>\n<p>\t\t\t\t\t\t\t\t\t\t\t\t<img decoding=\"async\" src=\"https:\/\/gruporikva.com\/wp-content\/uploads\/2024\/02\/Untitled-design-19.jpg\" title=\"Untitled design (19)\" alt=\"Untitled design (19)\" loading=\"lazy\" \/>\t\t\t\t\t\t\t\t\t\t\t\t\t\t\t<\/p>\n<style>\/*! elementor - v3.17.0 - 08-11-2023 *\/\n.elementor-column .elementor-spacer-inner{height:var(--spacer-size)}.e-con{--container-widget-width:100%}.e-con-inner>.elementor-widget-spacer,.e-con>.elementor-widget-spacer{width:var(--container-widget-width,var(--spacer-size));--align-self:var(--container-widget-align-self,initial);--flex-shrink:0}.e-con-inner>.elementor-widget-spacer>.elementor-widget-container,.e-con>.elementor-widget-spacer>.elementor-widget-container{height:100%;width:100%}.e-con-inner>.elementor-widget-spacer>.elementor-widget-container>.elementor-spacer,.e-con>.elementor-widget-spacer>.elementor-widget-container>.elementor-spacer{height:100%}.e-con-inner>.elementor-widget-spacer>.elementor-widget-container>.elementor-spacer>.elementor-spacer-inner,.e-con>.elementor-widget-spacer>.elementor-widget-container>.elementor-spacer>.elementor-spacer-inner{height:var(--container-widget-height,var(--spacer-size))}.e-con-inner>.elementor-widget-spacer.elementor-widget-empty,.e-con>.elementor-widget-spacer.elementor-widget-empty{position:relative;min-height:22px;min-width:22px}.e-con-inner>.elementor-widget-spacer.elementor-widget-empty .elementor-widget-empty-icon,.e-con>.elementor-widget-spacer.elementor-widget-empty .elementor-widget-empty-icon{position:absolute;top:0;bottom:0;left:0;right:0;margin:auto;padding:0;width:22px;height:22px}<\/style>\n<h2>Tenemos presencia en:<\/h2>\n<p>\t\t\t\t\t\t\t\t\t\t\t\t\t\t\t<img loading=\"lazy\" decoding=\"async\" width=\"1200\" height=\"675\" src=\"https:\/\/gruporikva.com\/wp-content\/uploads\/2023\/11\/KARGO-SOLUTIONS-PRESENTACION-2024.pptx.png\" alt=\"\" srcset=\"https:\/\/gruporikva.com\/wp-content\/uploads\/2023\/11\/KARGO-SOLUTIONS-PRESENTACION-2024.pptx.png 1920w, https:\/\/gruporikva.com\/wp-content\/uploads\/2023\/11\/KARGO-SOLUTIONS-PRESENTACION-2024.pptx-300x169.png 300w, https:\/\/gruporikva.com\/wp-content\/uploads\/2023\/11\/KARGO-SOLUTIONS-PRESENTACION-2024.pptx-1024x576.png 1024w, https:\/\/gruporikva.com\/wp-content\/uploads\/2023\/11\/KARGO-SOLUTIONS-PRESENTACION-2024.pptx-768x432.png 768w, https:\/\/gruporikva.com\/wp-content\/uploads\/2023\/11\/KARGO-SOLUTIONS-PRESENTACION-2024.pptx-1536x864.png 1536w\" sizes=\"(max-width: 1200px) 100vw, 1200px\" \/>\t\t\t\t\t\t\t\t\t\t\t\t\t\t\t<\/p>\n<h2>\u00bfLo necesitas? Lo tenemos<br \/>\n<\/h2>\n<p>Cont\u00e1ctanos y te contestamos a la brevedad posible.<\/p>\n<h6>\n\t\t\t\t\t\tWhatsApp<br \/>\n\t\t\t\t<\/h6>\n<p>\n\t\t\t\t\t\t(614) 377-9002\t\t\t\t\t<\/p>\n<h6>\n\t\t\t\t\t\tCorreo electr\u00f3nico<br \/>\n\t\t\t\t<\/h6>\n<p>\n\t\t\t\t\t\tventas@gruporikva.com \t\t\t\t\t<\/p>\n<style>\/*! elementor - v3.17.0 - 08-11-2023 *\/\n.elementor-widget-divider{--divider-border-style:none;--divider-border-width:1px;--divider-color:#0c0d0e;--divider-icon-size:20px;--divider-element-spacing:10px;--divider-pattern-height:24px;--divider-pattern-size:20px;--divider-pattern-url:none;--divider-pattern-repeat:repeat-x}.elementor-widget-divider .elementor-divider{display:flex}.elementor-widget-divider .elementor-divider__text{font-size:15px;line-height:1;max-width:95%}.elementor-widget-divider .elementor-divider__element{margin:0 var(--divider-element-spacing);flex-shrink:0}.elementor-widget-divider .elementor-icon{font-size:var(--divider-icon-size)}.elementor-widget-divider .elementor-divider-separator{display:flex;margin:0;direction:ltr}.elementor-widget-divider--view-line_icon .elementor-divider-separator,.elementor-widget-divider--view-line_text .elementor-divider-separator{align-items:center}.elementor-widget-divider--view-line_icon .elementor-divider-separator:after,.elementor-widget-divider--view-line_icon .elementor-divider-separator:before,.elementor-widget-divider--view-line_text .elementor-divider-separator:after,.elementor-widget-divider--view-line_text .elementor-divider-separator:before{display:block;content:\"\";border-bottom:0;flex-grow:1;border-top:var(--divider-border-width) var(--divider-border-style) var(--divider-color)}.elementor-widget-divider--element-align-left .elementor-divider .elementor-divider-separator>.elementor-divider__svg:first-of-type{flex-grow:0;flex-shrink:100}.elementor-widget-divider--element-align-left .elementor-divider-separator:before{content:none}.elementor-widget-divider--element-align-left .elementor-divider__element{margin-left:0}.elementor-widget-divider--element-align-right .elementor-divider .elementor-divider-separator>.elementor-divider__svg:last-of-type{flex-grow:0;flex-shrink:100}.elementor-widget-divider--element-align-right .elementor-divider-separator:after{content:none}.elementor-widget-divider--element-align-right .elementor-divider__element{margin-right:0}.elementor-widget-divider:not(.elementor-widget-divider--view-line_text):not(.elementor-widget-divider--view-line_icon) .elementor-divider-separator{border-top:var(--divider-border-width) var(--divider-border-style) var(--divider-color)}.elementor-widget-divider--separator-type-pattern{--divider-border-style:none}.elementor-widget-divider--separator-type-pattern.elementor-widget-divider--view-line .elementor-divider-separator,.elementor-widget-divider--separator-type-pattern:not(.elementor-widget-divider--view-line) .elementor-divider-separator:after,.elementor-widget-divider--separator-type-pattern:not(.elementor-widget-divider--view-line) .elementor-divider-separator:before,.elementor-widget-divider--separator-type-pattern:not([class*=elementor-widget-divider--view]) .elementor-divider-separator{width:100%;min-height:var(--divider-pattern-height);-webkit-mask-size:var(--divider-pattern-size) 100%;mask-size:var(--divider-pattern-size) 100%;-webkit-mask-repeat:var(--divider-pattern-repeat);mask-repeat:var(--divider-pattern-repeat);background-color:var(--divider-color);-webkit-mask-image:var(--divider-pattern-url);mask-image:var(--divider-pattern-url)}.elementor-widget-divider--no-spacing{--divider-pattern-size:auto}.elementor-widget-divider--bg-round{--divider-pattern-repeat:round}.rtl .elementor-widget-divider .elementor-divider__text{direction:rtl}.e-con-inner>.elementor-widget-divider,.e-con>.elementor-widget-divider{width:var(--container-widget-width,100%);--flex-grow:var(--container-widget-flex-grow)}<\/style>\n<h5>S\u00edguenos<\/h5>\n<style>\/*! elementor - v3.17.0 - 08-11-2023 *\/\n.elementor-widget-social-icons.elementor-grid-0 .elementor-widget-container,.elementor-widget-social-icons.elementor-grid-mobile-0 .elementor-widget-container,.elementor-widget-social-icons.elementor-grid-tablet-0 .elementor-widget-container{line-height:1;font-size:0}.elementor-widget-social-icons:not(.elementor-grid-0):not(.elementor-grid-tablet-0):not(.elementor-grid-mobile-0) .elementor-grid{display:inline-grid}.elementor-widget-social-icons .elementor-grid{grid-column-gap:var(--grid-column-gap,5px);grid-row-gap:var(--grid-row-gap,5px);grid-template-columns:var(--grid-template-columns);justify-content:var(--justify-content,center);justify-items:var(--justify-content,center)}.elementor-icon.elementor-social-icon{font-size:var(--icon-size,25px);line-height:var(--icon-size,25px);width:calc(var(--icon-size, 25px) + (2 * var(--icon-padding, .5em)));height:calc(var(--icon-size, 25px) + (2 * var(--icon-padding, .5em)))}.elementor-social-icon{--e-social-icon-icon-color:#fff;display:inline-flex;background-color:#69727d;align-items:center;justify-content:center;text-align:center;cursor:pointer}.elementor-social-icon i{color:var(--e-social-icon-icon-color)}.elementor-social-icon svg{fill:var(--e-social-icon-icon-color)}.elementor-social-icon:last-child{margin:0}.elementor-social-icon:hover{opacity:.9;color:#fff}.elementor-social-icon-android{background-color:#a4c639}.elementor-social-icon-apple{background-color:#999}.elementor-social-icon-behance{background-color:#1769ff}.elementor-social-icon-bitbucket{background-color:#205081}.elementor-social-icon-codepen{background-color:#000}.elementor-social-icon-delicious{background-color:#39f}.elementor-social-icon-deviantart{background-color:#05cc47}.elementor-social-icon-digg{background-color:#005be2}.elementor-social-icon-dribbble{background-color:#ea4c89}.elementor-social-icon-elementor{background-color:#d30c5c}.elementor-social-icon-envelope{background-color:#ea4335}.elementor-social-icon-facebook,.elementor-social-icon-facebook-f{background-color:#3b5998}.elementor-social-icon-flickr{background-color:#0063dc}.elementor-social-icon-foursquare{background-color:#2d5be3}.elementor-social-icon-free-code-camp,.elementor-social-icon-freecodecamp{background-color:#006400}.elementor-social-icon-github{background-color:#333}.elementor-social-icon-gitlab{background-color:#e24329}.elementor-social-icon-globe{background-color:#69727d}.elementor-social-icon-google-plus,.elementor-social-icon-google-plus-g{background-color:#dd4b39}.elementor-social-icon-houzz{background-color:#7ac142}.elementor-social-icon-instagram{background-color:#262626}.elementor-social-icon-jsfiddle{background-color:#487aa2}.elementor-social-icon-link{background-color:#818a91}.elementor-social-icon-linkedin,.elementor-social-icon-linkedin-in{background-color:#0077b5}.elementor-social-icon-medium{background-color:#00ab6b}.elementor-social-icon-meetup{background-color:#ec1c40}.elementor-social-icon-mixcloud{background-color:#273a4b}.elementor-social-icon-odnoklassniki{background-color:#f4731c}.elementor-social-icon-pinterest{background-color:#bd081c}.elementor-social-icon-product-hunt{background-color:#da552f}.elementor-social-icon-reddit{background-color:#ff4500}.elementor-social-icon-rss{background-color:#f26522}.elementor-social-icon-shopping-cart{background-color:#4caf50}.elementor-social-icon-skype{background-color:#00aff0}.elementor-social-icon-slideshare{background-color:#0077b5}.elementor-social-icon-snapchat{background-color:#fffc00}.elementor-social-icon-soundcloud{background-color:#f80}.elementor-social-icon-spotify{background-color:#2ebd59}.elementor-social-icon-stack-overflow{background-color:#fe7a15}.elementor-social-icon-steam{background-color:#00adee}.elementor-social-icon-stumbleupon{background-color:#eb4924}.elementor-social-icon-telegram{background-color:#2ca5e0}.elementor-social-icon-thumb-tack{background-color:#1aa1d8}.elementor-social-icon-tripadvisor{background-color:#589442}.elementor-social-icon-tumblr{background-color:#35465c}.elementor-social-icon-twitch{background-color:#6441a5}.elementor-social-icon-twitter{background-color:#1da1f2}.elementor-social-icon-viber{background-color:#665cac}.elementor-social-icon-vimeo{background-color:#1ab7ea}.elementor-social-icon-vk{background-color:#45668e}.elementor-social-icon-weibo{background-color:#dd2430}.elementor-social-icon-weixin{background-color:#31a918}.elementor-social-icon-whatsapp{background-color:#25d366}.elementor-social-icon-wordpress{background-color:#21759b}.elementor-social-icon-xing{background-color:#026466}.elementor-social-icon-yelp{background-color:#af0606}.elementor-social-icon-youtube{background-color:#cd201f}.elementor-social-icon-500px{background-color:#0099e5}.elementor-shape-rounded .elementor-icon.elementor-social-icon{border-radius:10%}.elementor-shape-circle .elementor-icon.elementor-social-icon{border-radius:50%}<\/style>\n<p>\t\t\t\t\t<a href=\"https:\/\/www.facebook.com\/gruporikva\" target=\"_blank\" rel=\"noopener\"><br \/>\n\t\t\t\t\t\tFacebook-f<br \/>\n\t\t\t\t\t\t\t\t\t\t\t<\/a><\/p>\n<h2>Cont\u00e1ctanos<\/h2>\n","protected":false},"excerpt":{"rendered":"<p>.fgdfg h Desde materiales de construcci\u00f3n hasta herramientas especializadas, ofrecemos una amplia gama de insumos industriales para satisfacer todas tus necesidades. Calidad garantizada para un rendimiento excepcional. Solicita cotizaci\u00f3n Contamos con una extensa red de proveedores confiables en todo el mundo. Somos especialistas Optimiza tu cadena de suministro con nosotros, tus especialistas en encontrar los [&hellip;]<\/p>\n","protected":false},"author":1,"featured_media":0,"parent":0,"menu_order":0,"comment_status":"closed","ping_status":"closed","template":"elementor_header_footer","meta":{"footnotes":""},"_links":{"self":[{"href":"https:\/\/gruporikva.com\/index.php?rest_route=\/wp\/v2\/pages\/258"}],"collection":[{"href":"https:\/\/gruporikva.com\/index.php?rest_route=\/wp\/v2\/pages"}],"about":[{"href":"https:\/\/gruporikva.com\/index.php?rest_route=\/wp\/v2\/types\/page"}],"author":[{"embeddable":true,"href":"https:\/\/gruporikva.com\/index.php?rest_route=\/wp\/v2\/users\/1"}],"replies":[{"embeddable":true,"href":"https:\/\/gruporikva.com\/index.php?rest_route=%2Fwp%2Fv2%2Fcomments&post=258"}],"version-history":[{"count":247,"href":"https:\/\/gruporikva.com\/index.php?rest_route=\/wp\/v2\/pages\/258\/revisions"}],"predecessor-version":[{"id":1023,"href":"https:\/\/gruporikva.com\/index.php?rest_route=\/wp\/v2\/pages\/258\/revisions\/1023"}],"wp:attachment":[{"href":"https:\/\/gruporikva.com\/index.php?rest_route=%2Fwp%2Fv2%2Fmedia&parent=258"}],"curies":[{"name":"wp","href":"https:\/\/api.w.org\/{rel}","templated":true}]}}